pose 0 = -r + 3*t - 5*t + 854, r - t = 848. Suppose 16*s - 11*s - 158 = 3*g, 2*s - 3*g = 56. What is the highest common divisor of r and s?
34
Let n = 11120 + -11107. What is the greatest common factor of n and 11089?
13
Let w be (-1 - -3) + 6 + 6 + -1. Let v be (-24)/156 - ((-1824)/w)/2. Calculate the greatest common divisor of 105 and v.
35
Suppose 0 = 5*d - 2*d - 24. Let z(x) = 2*x**3 + x**2 + 3*x. Let c be z(3). Calculate the greatest common factor of c and d.
8
Let h(n) = -5*n + 34. Let a be h(6). Suppose 5*w - t = 239 + 103, -a*w + 3*t + 278 = 0. What is the highest common divisor of 4 and w?
4
Let l(h) = -h**3 - 8*h**2 - 11. Let u be l(-10). Let k = 143 - 82. Suppose -5*y = -44 - k. Calculate the greatest common divisor of u and y.
21
Let x be -2*(3 + -35 + 9). Suppose -4*y = 4*f - 104, -8*y + 5*f = -5*y - x. What is the greatest common factor of 2 and y?
2
Suppose 101*u - 8*u - 2232 = 0. What is the highest common divisor of u and 1908?
12
Let c(u) = -23*u**2 + 45*u + 8*u**2 + 56 + 5*u**2 + 9*u**2. Let p be c(44). Calculate the greatest common divisor of 4 and p.
4
Let d be 2 + (14 - (2 + 0)). Suppose -d*q - 48 = -18*q. Let i be 40/(-140) - (-86)/7. Calculate the greatest common factor of q and i.
12
Suppose 515 = 27*s - 349. What is the highest common factor of s and 608?
32
Suppose t + 8 = -3*t. Let v be (t - -97)*(-9)/(-45). What is the greatest common factor of 2 and v?
1
Let g = -504 - -728. Suppose -20*c + 4*b + g = -16*c, -4*c = 3*b - 217. Calculate the highest common factor of 66 and c.
11
Suppose -2*z = 223 + 1351. Let d = z - -1657. Suppose 4*y - 9*y = -3*x - d, 5*y = -4*x + 835. Calculate the highest common divisor of 19 and y.
19
Suppose -h + 5 = 2*n, h + n = -33 + 44. Calculate the greatest common factor of h and 53.
1
Let n = 27 - -54. Suppose h + 5*z + 2 = 0, 3*h - 3*z = -h + 84. What is the highest common factor of h and n?
9
Let o = 431 - 108. Suppose m + 4*n = o + 113, 2*n = -6. What is the highest common divisor of m and 14?
14
Suppose 0*y - 20 = -4*y, 2*y = 3*g - 314. Suppose -t = -13 - g. Let r be (2 - 1)/((-1)/(-11)). What is the highest common divisor of t and r?
11
Let c be (-15)/20 - 805/(-92). What is the greatest common divisor of 76 and c?
4
Let m = 195 - 182. Let s be (58/4)/((-8)/(-2288)*m). Calculate the highest common divisor of s and 22.
11
Let z = 4 - 25. Let v = z + 70. Let l = -33 + v. What is the greatest common factor of l and 176?
16
Let a be 4/6 - (-378)/(-324) - 437644/(-8). Calculate the highest common divisor of 105 and a.
105
Let s(n) = 3*n - 8 + 4*n**2 + 0*n - 1 - 3*n**3 + 0*n. Let q be s(-3). Calculate the highest common divisor of q and 66.
33
Let u(x) = -3*x**2 + 49*x + 50. Let v be u(12). Calculate the highest common divisor of v and 6386.
206
Let h(x) = -9*x + 34. Let z be h(-14). Let u be (-180)/8*8/(-5). Suppose -u*a = -37*a + 20. Calculate the highest common divisor of z and a.
20
Let x = 104 - -196. Calculate the greatest common factor of 1380 and x.
60
Let b be (-12092)/(-16) + (2/18)/((-100)/(-225)). What is the highest common divisor of 224 and b?
28
Let z = -592325 - -592383. Suppose a - 2*d - 170 = 0, -4*a + 706 = 3*d + 2*d. What is the highest common divisor of a and z?
58
Suppose -6*c = 6*c + 660. Let w be 182 - (c/(-33) - (-1)/3). Calculate the highest common factor of w and 40.
20
Let c(g) = 11*g**2 + 3*g. Let l(q) = q**2 + 16*q + 3. Let x be l(-16). Let m be (0 - 4)/(-4)*x. Let o be c(m). What is the highest common divisor of 27 and o?
27
Suppose 17*q - 15*q + 8 = -2*c, 4*q = -3*c - 15. Let j be (-32)/(8/(-139 - q)). Calculate the greatest common factor of j and 51.
17
Suppose -6*v = -3*v - 111. Let o = v + 28. Suppose 5*y = 65 + o. Calculate the greatest common factor of 13 and y.
13
Let h = -14270 - -14393. What is the highest common divisor of 9348 and h?
123
Let u be 18252/44 - 2/(-11). Let b = u - 393. Suppose 5*v = -o + 23, 0 = -0*o + 3*o + v - 97. What is the greatest common factor of o and b?
11
Suppose 0 = 24*c + 8*c - 5785 - 5095. Calculate the highest common divisor of c and 238.
34
Let s be (-13)/(-117) + (-520)/(-18). Let r = -15 + 44. What is the greatest common divisor of r and s?
29
Let i = 170 + -1092. Let h = 1306 + i. Suppose 4*f = 2*d + h, 2*f - f - 96 = 5*d. Calculate the greatest common divisor of f and 12.
12
Let p be (2/(-3) + 0)*70437/(-886). What is the greatest common factor of p and 12879?
53
Let l be (9/(-6))/(185/50 + -4). Let t(x) = -48*x. Let r be t(-1). Suppose -652 = -l*p + r. What is the greatest common factor of p and 28?
28
Suppose 0 = 1121*o + 19499 - 80033. Let y(m) = 378*m. Let d be y(1). Calculate the greatest common divisor of o and d.
54
Let v = -52 - -112. Suppose 0 = 243*r - 1830 - 2544. What is the greatest common divisor of r and v?
6
Let p = 21724 + -21400. What is the greatest common factor of p and 84?
12
Suppose 5*q - 770 = -5*q. Let a = -69 - -76. What is the greatest common divisor of a and q?
7
Let a(q) = -345*q - 851. Let c be a(-5). Calculate the greatest common factor of c and 76.
38
Suppose 12851*y + 255 = 12866*y. What is the highest common factor of 28373 and y?
17
Suppose 27*v = 25*v + 1364. Suppose -z + 4*y + 192 - 134 = 0, 4*z + 3*y - 251 = 0. What is the greatest common factor of z and v?
62
Let f = 1821 + -1755. Calculate the greatest common divisor of 3333 and f.
33
Let z = 201 - 164. Suppose -w + z = -131. Suppose 14 = 2*y - 34. What is the greatest common divisor of w and y?
24
Let c = 44 - 23. Let h be 497/c - (-2)/6. Let t be -12*4/(-24) - -4. Calculate the greatest common divisor of t and h.
6
Let d = -13926 + 26202. What is the highest common factor of 837 and d?
279
Suppose 6*m - 3 = 9. Suppose -m*w + 354 + 10 = 0. Let p(v) = -v**2 + 63. Let t be p(7). Calculate the greatest common divisor of w and t.
14
Suppose 16*v - 7*v = -108. Let n be (v/10)/(1/(-25)). What is the highest common factor of n and 30?
30
Let j = -280 + 278. Let i be ((-7)/j)/(9*4/72). Calculate the highest common factor of 91 and i.
7
Let n(f) = -96*f + 235. Let z be n(10). Let d = 1241 + z. Calculate the highest common factor of d and 24.
12
Let q(p) = -p**3 - 17*p**2 + 16*p - 20. Let f be q(-20). What is the highest common divisor of 160 and f?
20
Let c(p) = p**2 + 21*p + 3. Let y be c(-21). Suppose -5*s + y*w + 709 = -0*w, 268 = 2*s + 4*w. What is the highest common divisor of 105 and s?
35
Suppose 5*b + 841*s - 838*s = 63, -5*b - s = -81. Let f be 2876/10 - 20/(-50). What is the greatest common divisor of b and f?
18
Let l(f) = f**2 + 18*f - 46. Let x(n) = -n**2 - 18*n + 45. Let u(d) = -6*l(d) - 7*x(d). Let h be u(6). What is the highest common divisor of 30 and h?
15
Let s = -3229 - -3260. What is the greatest common factor of s and 248?
31
Suppose -4*p = 5*k - 424, -5*k + 260 = -2*k + p. Let x = k + -87. Let r = -36 - -45. What is the greatest common divisor of r and x?
1
Let r = -5196 - -5900. Calculate the greatest common divisor of r and 224.
32
Suppose 348*o - 3*p - 102 = 345*o, 0 = -3*p. What is the greatest common factor of 2057 and o?
17
Let n(o) = 31*o - 81. Let p be n(3). Let h(d) = 11*d - 108. Let k be h(p). Calculate the greatest common divisor of k and 132.
12
Suppose 27*b - 509 = -3*h + 25*b, -179 = -h - 3*b. What is the greatest common divisor of h and 2?
1
Suppose 0 = -11*n + 1934 - 394. Let d be 5/3 - 507100/(-660). What is the greatest common divisor of d and n?
70
Let w(p) be the second derivative of p**5/10 + 2*p**4 - p**3/2 - 3*p**2 - p + 18. Let i be w(-12). Calculate the greatest common divisor of i and 15.
15
Let l(a) = 35*a**2 + 71*a - 377. Let k be l(12). Calculate the highest common divisor of k and 5.
5
Suppose 0 = -175*l + 180*l - 25. Let o be (-10 - -5)*9/l. Let p be (1 - o)*(-220)/(-8). Calculate the highest common divisor of p and 25.
25
Let d(u) be the third derivative of u**6/120 + u**5/4 + 5*u**4/24 - 16*u**3 - 2*u**2 - 64. Let y be d(-14). What is the highest common factor of y and 110?
10
Let g be 1735/15 + (-5)/3. Let w = 215 + g. What is the greatest common divisor of 7 and w?
7
Let k = 1431 - 1343. Calculate the highest common divisor of 308 and k.
44
Let i be 215*((-88)/(-110))/2. What is the highest common factor of 24940 and i?
86
Suppose -720 = 5*c + 4*j, 0 = c - 2*c - 2*j - 144.